{"id":8516,"date":"2018-11-30T06:49:24","date_gmt":"2018-11-30T06:49:24","guid":{"rendered":"https:\/\/enginir-demo.pbminfotech.com\/datasite\/?page_id=8516"},"modified":"2025-08-01T23:08:35","modified_gmt":"2025-08-01T20:08:35","slug":"hakkimizda","status":"publish","type":"page","link":"http:\/\/www.taylanazaksurucukursu.com.tr\/index.php\/hakkimizda\/","title":{"rendered":"Hakk\u0131m\u0131zda"},"content":{"rendered":"<div class=\"wpb-content-wrapper\"><p>[vc_row cspt-bg-color=&#8221;white&#8221; full_width=&#8221;stretch_row&#8221; content_placement=&#8221;top&#8221; css=&#8221;.vc_custom_1556859637182{padding-bottom: 150px !important;}&#8221; cspt-responsive-css=&#8221;23213412|colbreak_yes|||||||||colbreak_no|||||||||colbreak_no||||||||||colbreak_no|||||||||&#8221;][vc_column width=&#8221;1\/2&#8243;][vc_single_image image=&#8221;11617&#8243; img_size=&#8221;560&#215;800&#8243; css=&#8221;.vc_custom_1753775409051{margin-bottom: 0px !important;padding-top: 40px !important;padding-left: 40px !important;}&#8221; el_class=&#8221;cspt-effect-square cspt-effect-dot&#8221;][\/vc_column][vc_column width=&#8221;1\/2&#8243; css=&#8221;.vc_custom_1556859676745{margin-top: 10px !important;}&#8221; cspt-responsive-css=&#8221;71728225|colbreak_no|50||||||||colbreak_no|||||||||colbreak_no||||||||||colbreak_no|||||||||&#8221;][vc_column_text css=&#8221;.vc_custom_1754077760788{margin-bottom: 25px !important;}&#8221;]<span style=\"font-size: small;\">Deneyimli kurs hocalar\u0131m\u0131z ve sizin iste\u011finize g\u00f6re bayan ve erkek direksiyon e\u011fitmenlerimizle sizlere hizmet vermenin hakl\u0131 gururunu ya\u015famaktay\u0131z.\u00a0<\/span><\/p>\n<p><span style=\"font-size: small;\">Kursumuzda e\u011fitmenlerimiz g\u00f6zetiminde kullanaca\u011f\u0131n\u0131z ara\u00e7lar\u0131m\u0131z son model olup her t\u00fcrl\u00fc g\u00fcvenlik tedbirleri ile donat\u0131lm\u0131\u015ft\u0131r.<\/span><\/p>\n<p><span style=\"font-size: small;\">Derslerimizde kurs hocalar\u0131m\u0131z sizlere t\u00fcm konular\u0131 anla\u015f\u0131l\u0131r dille, her ayr\u0131nt\u0131s\u0131n\u0131 anlayaca\u011f\u0131n\u0131z \u015fekilde hem g\u00f6rsel hem yaz\u0131l\u0131 olarak anlatmaktad\u0131r. Bu y\u00fczden Pazarc\u0131k&#8217; da gerek ehliyet s\u0131nav sonu\u00e7 y\u00fczdesi olarak gerekse doluluk oran\u0131 kursumuz ilk s\u0131ralarda yer almaktad\u0131r.<\/span>[\/vc_column_text][vc_row_inner css=&#8221;.vc_custom_1556601780512{padding-top: 10px !important;}&#8221;][vc_column_inner width=&#8221;1\/2&#8243;][\/vc_column_inner][vc_column_inner width=&#8221;1\/2&#8243;][\/vc_column_inner][\/vc_row_inner][vc_row_inner css=&#8221;.vc_custom_1556601910536{padding-top: 20px !important;}&#8221;][vc_column_inner width=&#8221;1\/2&#8243;][\/vc_column_inner][vc_column_inner width=&#8221;1\/2&#8243;][\/vc_column_inner][\/vc_row_inner][vc_single_image image=&#8221;11480&#8243; img_size=&#8221;full&#8221; css=&#8221;.vc_custom_1753775874949{margin-top: 15px !important;}&#8221;][\/vc_column][\/vc_row][vc_row cspt-text-color=&#8221;white&#8221; cspt-bg-color=&#8221;globalcolor&#8221; cspt-bg-image-color-order=&#8221;image-over-color&#8221; full_width=&#8221;stretch_row&#8221; css=&#8221;.vc_custom_1649908877792{margin-top: -60px !important;padding-bottom: 300px !important;background-image: url(https:\/\/enginir-demo.pbminfotech.com\/datasite\/wp-content\/uploads\/sites\/11\/2022\/04\/map-bg.png?id=11336) !important;background-position: center !important;background-repeat: no-repeat !important;background-size: cover !important;}&#8221;][vc_column css=&#8221;.vc_custom_1555061401544{background-position: center !important;background-repeat: no-repeat !important;background-size: cover !important;}&#8221;][vc_row_inner][vc_column_inner width=&#8221;1\/4&#8243;]<div  class=\"creativesplanet-ele creativesplanet-ele-fid creativesplanet-ele-fid-style-1 \"><div class=\"cspt-fld-contents d-flex align-items-center\">\r\n\t<div class=\"cspt-sbox-icon-wrapper\"><i class=\"fa fa-solid fa-users-between-lines\"><\/i><\/div>\t<div class=\"cspt-fld-wrap\">\r\n\t\t<h4 class=\"cspt-fid-inner\">\r\n\t\t\t\t\t\t<span\r\n\t\t\t\tclass\t\t\t\t  = \"cspt-number-rotate\"\r\n\t\t\t\tdata-appear-animation = \"animateDigits\"\r\n\t\t\t\tdata-from             = \"0\"\r\n\t\t\t\tdata-to               = \"11\"\r\n\t\t\t\tdata-interval         = \"1\"\r\n\t\t\t\tdata-before           = \"\"\r\n\t\t\t\tdata-before-style     = \"\"\r\n\t\t\t\tdata-after            = \"\"\r\n\t\t\t\tdata-after-style      = \"\"\r\n\t\t\t\t>\r\n\t\t\t\t\t11\t\t\t<\/span>\r\n\t\t\t<span class=\"cspt-fid-sub\"><\/span>\r\n\t\t<\/h4>\r\n\t\t\t\t<h3 class=\"cspt-fid-title\"><span>E\u011fitici Kadromuz<br><\/span><\/h3>\r\n\t\t\t<\/div>\r\n<\/div><!-- .cspt-fld-contents -->\r\n\r\n<\/div>[\/vc_column_inner][vc_column_inner width=&#8221;1\/4&#8243; cspt-responsive-css=&#8221;27575479|colbreak_no|||||||||colbreak_no|||||||||colbreak_no|25|||||||||colbreak_no|||||||||&#8221;]<div  class=\"creativesplanet-ele creativesplanet-ele-fid creativesplanet-ele-fid-style-1 \"><div class=\"cspt-fld-contents d-flex align-items-center\">\r\n\t<div class=\"cspt-sbox-icon-wrapper\"><i class=\"fa fa-solid fa-car\"><\/i><\/div>\t<div class=\"cspt-fld-wrap\">\r\n\t\t<h4 class=\"cspt-fid-inner\">\r\n\t\t\t\t\t\t<span\r\n\t\t\t\tclass\t\t\t\t  = \"cspt-number-rotate\"\r\n\t\t\t\tdata-appear-animation = \"animateDigits\"\r\n\t\t\t\tdata-from             = \"0\"\r\n\t\t\t\tdata-to               = \"7\"\r\n\t\t\t\tdata-interval         = \"1\"\r\n\t\t\t\tdata-before           = \"\"\r\n\t\t\t\tdata-before-style     = \"\"\r\n\t\t\t\tdata-after            = \"\"\r\n\t\t\t\tdata-after-style      = \"\"\r\n\t\t\t\t>\r\n\t\t\t\t\t7\t\t\t<\/span>\r\n\t\t\t<span class=\"cspt-fid-sub\"><\/span>\r\n\t\t<\/h4>\r\n\t\t\t\t<h3 class=\"cspt-fid-title\"><span>Ara\u00e7 Say\u0131m\u0131z<br><\/span><\/h3>\r\n\t\t\t<\/div>\r\n<\/div><!-- .cspt-fld-contents -->\r\n\r\n<\/div>[\/vc_column_inner][vc_column_inner width=&#8221;1\/4&#8243; cspt-responsive-css=&#8221;50394308|colbreak_no|||||||||colbreak_no|||||||||colbreak_no|25|||||||||colbreak_no|||||||||&#8221;]<div  class=\"creativesplanet-ele creativesplanet-ele-fid creativesplanet-ele-fid-style-1 \"><div class=\"cspt-fld-contents d-flex align-items-center\">\r\n\t<div class=\"cspt-sbox-icon-wrapper\"><i class=\"fa fa-regular fa-clock\"><\/i><\/div>\t<div class=\"cspt-fld-wrap\">\r\n\t\t<h4 class=\"cspt-fid-inner\">\r\n\t\t\t\t\t\t<span\r\n\t\t\t\tclass\t\t\t\t  = \"cspt-number-rotate\"\r\n\t\t\t\tdata-appear-animation = \"animateDigits\"\r\n\t\t\t\tdata-from             = \"0\"\r\n\t\t\t\tdata-to               = \"15\"\r\n\t\t\t\tdata-interval         = \"1\"\r\n\t\t\t\tdata-before           = \"\"\r\n\t\t\t\tdata-before-style     = \"\"\r\n\t\t\t\tdata-after            = \"\"\r\n\t\t\t\tdata-after-style      = \"\"\r\n\t\t\t\t>\r\n\t\t\t\t\t15\t\t\t<\/span>\r\n\t\t\t<span class=\"cspt-fid-sub\"><\/span>\r\n\t\t<\/h4>\r\n\t\t\t\t<h3 class=\"cspt-fid-title\"><span>Y\u0131ll\u0131k Tecr\u00fcbe<br><\/span><\/h3>\r\n\t\t\t<\/div>\r\n<\/div><!-- .cspt-fld-contents -->\r\n\r\n<\/div>[\/vc_column_inner][vc_column_inner width=&#8221;1\/4&#8243; cspt-responsive-css=&#8221;89106134|colbreak_no|||||||||colbreak_no|||||||||colbreak_no|25|||||||||colbreak_no|||||||||&#8221;]<div  class=\"creativesplanet-ele creativesplanet-ele-fid creativesplanet-ele-fid-style-1 \"><div class=\"cspt-fld-contents d-flex align-items-center\">\r\n\t<div class=\"cspt-sbox-icon-wrapper\"><i class=\"fa fa-regular fa-address-card\"><\/i><\/div>\t<div class=\"cspt-fld-wrap\">\r\n\t\t<h4 class=\"cspt-fid-inner\">\r\n\t\t\t\t\t\t<span\r\n\t\t\t\tclass\t\t\t\t  = \"cspt-number-rotate\"\r\n\t\t\t\tdata-appear-animation = \"animateDigits\"\r\n\t\t\t\tdata-from             = \"0\"\r\n\t\t\t\tdata-to               = \"4\"\r\n\t\t\t\tdata-interval         = \"1\"\r\n\t\t\t\tdata-before           = \"\"\r\n\t\t\t\tdata-before-style     = \"\"\r\n\t\t\t\tdata-after            = \"\"\r\n\t\t\t\tdata-after-style      = \"\"\r\n\t\t\t\t>\r\n\t\t\t\t\t4\t\t\t<\/span>\r\n\t\t\t<span class=\"cspt-fid-sub\"><\/span>\r\n\t\t<\/h4>\r\n\t\t\t\t<h3 class=\"cspt-fid-title\"><span>\u00c7e\u015fit Ehliyet<br><\/span><\/h3>\r\n\t\t\t<\/div>\r\n<\/div><!-- .cspt-fld-contents -->\r\n\r\n<\/div>[\/vc_column_inner][\/vc_row_inner][\/vc_column][\/vc_row][vc_row cspt-text-color=&#8221;white&#8221; cspt-extended-column=&#8221;first&#8221; cspt-first-col-bg-color=&#8221;blackish&#8221; full_width=&#8221;stretch_row&#8221; css=&#8221;.vc_custom_1556603379602{margin-top: -225px !important;margin-right: 0px !important;margin-left: 0px !important;padding-top: 0px !important;padding-bottom: 0px !important;}&#8221;][vc_column cspt-bg-color=&#8221;blackish&#8221; css=&#8221;.vc_custom_1558502840141{padding-top: 30px !important;padding-bottom: 30px !important;}&#8221;]<div  class=\"creativesplanet-element creativesplanet-element-testimonial cspt-element-testimonial-style-3 creativesplanet-element-viewtype-carousel cspt-sortable-no cspt-vertical-heading\" data-show=\"3\" data-columns=\"1\" data-loop=\"false\" data-autoplay=\"false\" data-center=\"false\" data-nav=\"false\" data-dots=\"true\" data-autoplayspeed=\"1000\" data-margin=\"\"><div class=\"creativesplanet-element-inner\"><div class=\"cspt-ele-header-area\"><\/div><div class=\"cspt-element-posts-wrapper row multi-columns-row\"><div class=\"cspt-ele cspt-testimonial-ele col-md-12 company cspt-term-14\"><article class=\"creativesplanet-ele creativesplanet-ele-testimonial cspt-testimonial-style-3 cspt-testimonial-active\"><div class=\"creativesplanet-post-item\">\r\n\t <div class=\"creativesplanet-box-img\"><div class=\"cspt-featured-wrapper\"><a href=\"http:\/\/www.taylanazaksurucukursu.com.tr\/index.php\/testimonial\/victori-porter\/\"><img loading=\"lazy\" decoding=\"async\" width=\"150\" height=\"150\" src=\"http:\/\/www.taylanazaksurucukursu.com.tr\/wp-content\/uploads\/2018\/02\/testimonial-img01.jpg\" class=\"attachment-thumbnail size-thumbnail wp-post-image\" alt=\"\" data-id=\"10313\" \/><\/a><\/div><\/div>\t\r\n\t<div class=\"creativesplanet-box-content\">\t\t\r\n\t\t<div class=\"creativesplanet-box-desc\">\r\n\t\t\t<blockquote class=\"creativesplanet-testimonial-text\"><p>\t\t\t\tOur team discussed every single detail to make sure Creatives Planet is the most versatile and unique theme created so far.No coding skills required to create unique sites.\t\t<\/p>\n<\/blockquote>\r\n\t\t<\/div>\r\n\t<\/div>\t\t\r\n\t\t<div class=\"creativesplanet-box-star-ratings\"><i class=\"cspt-base-icon-star cspt-active\"><\/i><i class=\"cspt-base-icon-star cspt-active\"><\/i><i class=\"cspt-base-icon-star cspt-active\"><\/i><i class=\"cspt-base-icon-star cspt-active\"><\/i><i class=\"cspt-base-icon-star\"><\/i><\/div>\t\r\n\t\t<div class=\"creativesplanet-box-author\">\r\n\t\t\t<h3 class=\"creativesplanet-box-title\">Victori Porter<\/h3>\t\t\t\r\n\t\t\t<span class=\"cspt-designation\">CEO of Bata<\/span>\t\t<\/div>\r\n<\/div><\/article><\/div><div class=\"cspt-ele cspt-testimonial-ele col-md-12 general cspt-term-18\"><article class=\"creativesplanet-ele creativesplanet-ele-testimonial cspt-testimonial-style-3\"><div class=\"creativesplanet-post-item\">\r\n\t <div class=\"creativesplanet-box-img\"><div class=\"cspt-featured-wrapper\"><a href=\"http:\/\/www.taylanazaksurucukursu.com.tr\/index.php\/testimonial\/maria-flynn\/\"><img loading=\"lazy\" decoding=\"async\" width=\"150\" height=\"150\" src=\"http:\/\/www.taylanazaksurucukursu.com.tr\/wp-content\/uploads\/2018\/02\/testimonial-img01.jpg\" class=\"attachment-thumbnail size-thumbnail wp-post-image\" alt=\"\" data-id=\"10313\" \/><\/a><\/div><\/div>\t\r\n\t<div class=\"creativesplanet-box-content\">\t\t\r\n\t\t<div class=\"creativesplanet-box-desc\">\r\n\t\t\t<blockquote class=\"creativesplanet-testimonial-text\"><p>\t\t\t\tOur team discussed every single detail to make sure Creatives Planet is the most versatile and unique theme created so far.No coding skills required to create unique sites.\t\t<\/p>\n<\/blockquote>\r\n\t\t<\/div>\r\n\t<\/div>\t\t\r\n\t\t<div class=\"creativesplanet-box-star-ratings\"><i class=\"cspt-base-icon-star cspt-active\"><\/i><i class=\"cspt-base-icon-star cspt-active\"><\/i><i class=\"cspt-base-icon-star cspt-active\"><\/i><i class=\"cspt-base-icon-star cspt-active\"><\/i><i class=\"cspt-base-icon-star cspt-active\"><\/i><\/div>\t\r\n\t\t<div class=\"creativesplanet-box-author\">\r\n\t\t\t<h3 class=\"creativesplanet-box-title\">Maria Flynn<\/h3>\t\t\t\r\n\t\t\t<span class=\"cspt-designation\">CEO of Bata<\/span>\t\t<\/div>\r\n<\/div><\/article><\/div><div class=\"cspt-ele cspt-testimonial-ele col-md-12 company cspt-term-14 general cspt-term-18 others cspt-term-23\"><article class=\"creativesplanet-ele creativesplanet-ele-testimonial cspt-testimonial-style-3\"><div class=\"creativesplanet-post-item\">\r\n\t <div class=\"creativesplanet-box-img\"><div class=\"cspt-featured-wrapper\"><a href=\"http:\/\/www.taylanazaksurucukursu.com.tr\/index.php\/testimonial\/mahfuz-riad\/\"><img loading=\"lazy\" decoding=\"async\" width=\"150\" height=\"150\" src=\"http:\/\/www.taylanazaksurucukursu.com.tr\/wp-content\/uploads\/2018\/02\/testimonial-img01.jpg\" class=\"attachment-thumbnail size-thumbnail wp-post-image\" alt=\"\" data-id=\"10313\" \/><\/a><\/div><\/div>\t\r\n\t<div class=\"creativesplanet-box-content\">\t\t\r\n\t\t<div class=\"creativesplanet-box-desc\">\r\n\t\t\t<blockquote class=\"creativesplanet-testimonial-text\"><p>\t\t\t\tOur team discussed every single detail to make sure Creatives Planet is the most versatile and unique theme created so far.No coding skills required to create unique sites.\t\t<\/p>\n<\/blockquote>\r\n\t\t<\/div>\r\n\t<\/div>\t\t\r\n\t\t<div class=\"creativesplanet-box-star-ratings\"><i class=\"cspt-base-icon-star cspt-active\"><\/i><i class=\"cspt-base-icon-star cspt-active\"><\/i><i class=\"cspt-base-icon-star\"><\/i><i class=\"cspt-base-icon-star\"><\/i><i class=\"cspt-base-icon-star\"><\/i><\/div>\t\r\n\t\t<div class=\"creativesplanet-box-author\">\r\n\t\t\t<h3 class=\"creativesplanet-box-title\">Mahfuz Riad<\/h3>\t\t\t\r\n\t\t\t<span class=\"cspt-designation\">CEO of Bata<\/span>\t\t<\/div>\r\n<\/div><\/article><\/div><\/div><\/div><!-- .creativesplanet-element-inner -->   <\/div><!-- .creativesplanet-element -->  [\/vc_column][\/vc_row][vc_row cspt-bg-color=&#8221;white&#8221; full_width=&#8221;stretch_row&#8221; content_placement=&#8221;bottom&#8221;][vc_column width=&#8221;1\/2&#8243;][vc_column_text css=&#8221;.vc_custom_1754077912328{margin-top: -10px !important;}&#8221;]<\/p>\n<p data-start=\"167\" data-end=\"594\">Taylanazak S\u00fcr\u00fcc\u00fc Kursu olarak, s\u00fcr\u00fcc\u00fc e\u011fitimi alan\u0131nda y\u0131llar\u0131n verdi\u011fi deneyimle kaliteli, g\u00fcvenli ve \u00e7a\u011fda\u015f bir e\u011fitim anlay\u0131\u015f\u0131n\u0131 benimsiyoruz. Amac\u0131m\u0131z, sadece ehliyet almay\u0131 de\u011fil, ayn\u0131 zamanda bilin\u00e7li, sayg\u0131l\u0131 ve kurallara uyan s\u00fcr\u00fcc\u00fcler yeti\u015ftirmektir.<\/p>\n<p data-start=\"167\" data-end=\"594\">Alan\u0131nda uzman e\u011fitmen kadromuz, modern ara\u00e7 filomuz ve bireysel ihtiya\u00e7lara g\u00f6re \u015fekillenen e\u011fitim programlar\u0131m\u0131zla adaylar\u0131m\u0131z\u0131 trafi\u011fe en iyi \u015fekilde haz\u0131rl\u0131yoruz.<\/p>\n<p>[\/vc_column_text][\/vc_column][vc_column width=&#8221;1\/2&#8243; cspt-responsive-css=&#8221;77906114|colbreak_no|||||||||colbreak_no|||||||||colbreak_no|25|||||||||colbreak_no|||||||||&#8221;][vc_progress_bar values=&#8221;%5B%7B%22label%22%3A%22E%C4%9Fitim%22%2C%22value%22%3A%22100%22%7D%2C%7B%22label%22%3A%22Kalite%22%2C%22value%22%3A%22100%22%7D%2C%7B%22label%22%3A%22G%C3%BCven%22%2C%22value%22%3A%22100%22%7D%2C%7B%22label%22%3A%22Yenilik%22%2C%22value%22%3A%22100%22%7D%5D&#8221; css=&#8221;&#8221; units=&#8221;%&#8221;][\/vc_column][\/vc_row][vc_row cspt-bg-color=&#8221;light&#8221; full_width=&#8221;stretch_row&#8221; css=&#8221;.vc_custom_1556604434927{padding-bottom: 10px !important;}&#8221;][vc_column]<div  class=\"creativesplanet-element creativesplanet-element-team cspt-element-team-style-2 creativesplanet-element-viewtype-row-column cspt-sortable-no\" data-show=\"4\" data-columns=\"4\" data-loop=\"false\" data-autoplay=\"false\" data-center=\"false\" data-nav=\"false\" data-dots=\"false\" data-autoplayspeed=\"1000\" data-margin=\"\"><div class=\"creativesplanet-element-inner\"><div class=\"cspt-ele-header-area\"><div class=\"cspt-team-ele-heading\"><\/div><\/div><div class=\"cspt-element-posts-wrapper row multi-columns-row\"><div class=\"cspt-ele cspt-team-ele col-md-6 col-lg-3 \"><article class=\"creativesplanet-ele creativesplanet-ele-team cspt-team-style-2\">\r\n\t<div class=\"creativesplanet-post-item\">\r\n\t\t<div class=\"creativesplanet-team-image-box\">\t\t\t\r\n\t\t\t<div class=\"cspt-featured-wrapper\"><a href=\"http:\/\/www.taylanazaksurucukursu.com.tr\/index.php\/team-member\/ali-azak\/\"><img loading=\"lazy\" decoding=\"async\" width=\"500\" height=\"512\" src=\"http:\/\/www.taylanazaksurucukursu.com.tr\/wp-content\/uploads\/2018\/12\/211874_person_icon-500x512.png\" class=\"attachment-cspt-img-500x580 size-cspt-img-500x580 wp-post-image\" alt=\"\" data-id=\"11614\" \/><\/a><\/div>\t\t\t<div class=\"creativesplanet-box-social-links\"><ul class=\"cspt-social-links cspt-team-social-links\"><li class=\"cspt-social-li cspt-social-facebook\"><a href=\"#\" title=\"Facebook\" target=\"_blank\"><span><i class=\"cspt-base-icon-facebook-squared\"><\/i><\/span><\/a><\/li><li class=\"cspt-social-li cspt-social-twitter\"><a href=\"#\" title=\"Twitter\" target=\"_blank\"><span><i class=\"cspt-base-icon-twitter-x\"><\/i><\/span><\/a><\/li><li class=\"cspt-social-li cspt-social-linkedin\"><a href=\"#\" title=\"LinkedIn\" target=\"_blank\"><span><i class=\"cspt-base-icon-linkedin-squared\"><\/i><\/span><\/a><\/li><\/ul><\/div>\t\r\n\t\t<\/div>\r\n\t\t<div class=\"creativesplanet-box-content\">\r\n\t\t\t<div class=\"creativesplanet-box-content-inner\">\t\t\t\t\r\n\t\t\t\t<h3 class=\"cspt-team-title\"><a href=\"http:\/\/www.taylanazaksurucukursu.com.tr\/index.php\/team-member\/ali-azak\/\">Ali AZAK<\/a><\/h3>\r\n\t\t\t\t<div class=\"creativesplanet-box-team-position\">\r\n\t\t\t\t\t\t\t<div class=\"creativesplanet-box-team-position\">Kurum M\u00fcd\u00fcr\u00fc<\/div>\r\n\t\t\t\t\t\t<\/div>\t\r\n\t\t\t<\/div>\t\t\t\t\r\n\t\t<\/div>\t\t\r\n\t<\/div>\r\n<\/article>\r\n <\/div><div class=\"cspt-ele cspt-team-ele col-md-6 col-lg-3 \"><article class=\"creativesplanet-ele creativesplanet-ele-team cspt-team-style-2\">\r\n\t<div class=\"creativesplanet-post-item\">\r\n\t\t<div class=\"creativesplanet-team-image-box\">\t\t\t\r\n\t\t\t<div class=\"cspt-featured-wrapper\"><a href=\"http:\/\/www.taylanazaksurucukursu.com.tr\/index.php\/team-member\/hasan-taylan\/\"><img loading=\"lazy\" decoding=\"async\" width=\"500\" height=\"512\" src=\"http:\/\/www.taylanazaksurucukursu.com.tr\/wp-content\/uploads\/2018\/12\/211874_person_icon-500x512.png\" class=\"attachment-cspt-img-500x580 size-cspt-img-500x580 wp-post-image\" alt=\"\" data-id=\"11614\" \/><\/a><\/div>\t\t\t<div class=\"creativesplanet-box-social-links\"><ul class=\"cspt-social-links cspt-team-social-links\"><li class=\"cspt-social-li cspt-social-facebook\"><a href=\"#\" title=\"Facebook\" target=\"_blank\"><span><i class=\"cspt-base-icon-facebook-squared\"><\/i><\/span><\/a><\/li><li class=\"cspt-social-li cspt-social-twitter\"><a href=\"#\" title=\"Twitter\" target=\"_blank\"><span><i class=\"cspt-base-icon-twitter-x\"><\/i><\/span><\/a><\/li><li class=\"cspt-social-li cspt-social-linkedin\"><a href=\"#\" title=\"LinkedIn\" target=\"_blank\"><span><i class=\"cspt-base-icon-linkedin-squared\"><\/i><\/span><\/a><\/li><\/ul><\/div>\t\r\n\t\t<\/div>\r\n\t\t<div class=\"creativesplanet-box-content\">\r\n\t\t\t<div class=\"creativesplanet-box-content-inner\">\t\t\t\t\r\n\t\t\t\t<h3 class=\"cspt-team-title\"><a href=\"http:\/\/www.taylanazaksurucukursu.com.tr\/index.php\/team-member\/hasan-taylan\/\">Hasan TAYLAN<\/a><\/h3>\r\n\t\t\t\t<div class=\"creativesplanet-box-team-position\">\r\n\t\t\t\t\t\t\t<div class=\"creativesplanet-box-team-position\">Kurucu<\/div>\r\n\t\t\t\t\t\t<\/div>\t\r\n\t\t\t<\/div>\t\t\t\t\r\n\t\t<\/div>\t\t\r\n\t<\/div>\r\n<\/article>\r\n <\/div><\/div><\/div><!-- .creativesplanet-element-inner -->   <\/div><!-- .creativesplanet-element -->  [vc_row_inner][vc_column_inner][vc_separator][\/vc_column_inner][\/vc_row_inner][\/vc_column][\/vc_row]<\/p>\n<\/div>","protected":false},"excerpt":{"rendered":"<p>[vc_row cspt-bg-color=&#8221;white&#8221; full_width=&#8221;stretch_row&#8221; content_placement=&#8221;top&#8221; css=&#8221;.vc_custom_1556859637182{padding-bottom: 150px !important;}&#8221; cspt-responsive-css=&#8221;23213412|colbreak_yes|||||||||colbreak_no|||||||||colbreak_no||||||||||colbreak_no|||||||||&#8221;][vc_column width=&#8221;1\/2&#8243;][vc_single_image image=&#8221;11617&#8243; img_size=&#8221;560&#215;800&#8243; css=&#8221;.vc_custom_1753775409051{margin-bottom: 0px !important;padding-top: 40px !important;padding-left: 40px !important;}&#8221; el_class=&#8221;cspt-effect-square cspt-effect-dot&#8221;][\/vc_column][vc_column width=&#8221;1\/2&#8243; css=&#8221;.vc_custom_1556859676745{margin-top: 10px !important;}&#8221; cspt-responsive-css=&#8221;71728225|colbreak_no|50||||||||colbreak_no|||||||||colbreak_no||||||||||colbreak_no|||||||||&#8221;][vc_column_text css=&#8221;.vc_custom_1754077760788{margin-bottom: 25px !important;}&#8221;]Deneyimli kurs hocalar\u0131m\u0131z ve sizin iste\u011finize g\u00f6re bayan ve erkek direksiyon e\u011fitmenlerimizle sizlere hizmet vermenin hakl\u0131 gururunu ya\u015famaktay\u0131z.\u00a0 Kursumuzda e\u011fitmenlerimiz g\u00f6zetiminde kullanaca\u011f\u0131n\u0131z ara\u00e7lar\u0131m\u0131z son model olup her t\u00fcrl\u00fc [&hellip;]<\/p>\n","protected":false},"author":1,"featured_media":0,"parent":0,"menu_order":7,"comment_status":"closed","ping_status":"closed","template":"","meta":{"_acf_changed":false,"footnotes":""},"class_list":["post-8516","page","type-page","status-publish","hentry"],"acf":[],"_links":{"self":[{"href":"http:\/\/www.taylanazaksurucukursu.com.tr\/index.php\/wp-json\/wp\/v2\/pages\/8516","targetHints":{"allow":["GET"]}}],"collection":[{"href":"http:\/\/www.taylanazaksurucukursu.com.tr\/index.php\/wp-json\/wp\/v2\/pages"}],"about":[{"href":"http:\/\/www.taylanazaksurucukursu.com.tr\/index.php\/wp-json\/wp\/v2\/types\/page"}],"author":[{"embeddable":true,"href":"http:\/\/www.taylanazaksurucukursu.com.tr\/index.php\/wp-json\/wp\/v2\/users\/1"}],"replies":[{"embeddable":true,"href":"http:\/\/www.taylanazaksurucukursu.com.tr\/index.php\/wp-json\/wp\/v2\/comments?post=8516"}],"version-history":[{"count":26,"href":"http:\/\/www.taylanazaksurucukursu.com.tr\/index.php\/wp-json\/wp\/v2\/pages\/8516\/revisions"}],"predecessor-version":[{"id":11692,"href":"http:\/\/www.taylanazaksurucukursu.com.tr\/index.php\/wp-json\/wp\/v2\/pages\/8516\/revisions\/11692"}],"wp:attachment":[{"href":"http:\/\/www.taylanazaksurucukursu.com.tr\/index.php\/wp-json\/wp\/v2\/media?parent=8516"}],"curies":[{"name":"wp","href":"https:\/\/api.w.org\/{rel}","templated":true}]}}