{"id":8560,"date":"2018-11-30T09:54:59","date_gmt":"2018-11-30T09:54:59","guid":{"rendered":"https:\/\/enginir-demo.pbminfotech.com\/datasite\/?page_id=8560"},"modified":"2018-11-30T09:54:59","modified_gmt":"2018-11-30T09:54:59","slug":"services","status":"publish","type":"page","link":"http:\/\/www.taylanazaksurucukursu.com.tr\/index.php\/services\/","title":{"rendered":"Services"},"content":{"rendered":"<div class=\"wpb-content-wrapper\"><p>[vc_row cspt-bg-color=&#8221;light&#8221; full_width=&#8221;stretch_row&#8221;][vc_column]<div  class=\"creativesplanet-element creativesplanet-element-service cspt-element-service-style-2 creativesplanet-element-viewtype-row-column creativesplanet-gap-30px cspt-sortable-no\" data-show=\"9\" data-columns=\"3\" data-loop=\"false\" data-autoplay=\"false\" data-center=\"false\" data-nav=\"false\" data-dots=\"false\" data-autoplayspeed=\"1000\" data-margin=\"30px\"><div class=\"creativesplanet-element-inner\"><div class=\"cspt-ele-header-area\"><\/div><div class=\"cspt-element-posts-wrapper row multi-columns-row\"><div class=\"cspt-ele cspt-service-ele col-md-4 ehliyetler cspt-term-29\"><article class=\"creativesplanet-ele creativesplanet-ele-service cspt-service-style-2\">\r\n\t<div class=\"creativesplanet-post-item\">\t\t\t  \r\n\t\t<div class=\"cspt-featured-wrapper\"><a href=\"http:\/\/www.taylanazaksurucukursu.com.tr\/index.php\/service\/a1-sinifi-ehliyet\/\"><img loading=\"lazy\" decoding=\"async\" width=\"770\" height=\"350\" src=\"http:\/\/www.taylanazaksurucukursu.com.tr\/wp-content\/uploads\/2018\/12\/IMG-20250708-WA0009-770x350.jpg\" class=\"attachment-cspt-img-770x350 size-cspt-img-770x350 wp-post-image\" alt=\"\" data-id=\"11533\" \/><\/a><\/div>\t\r\n\t\t<div class=\"creativesplanet-box-content\">\t\t\t\t\t\t\r\n\t\t\t<div class=\"creativesplanet-box-content-inner\">\r\n\t\t\t\t<div class=\"cspt-service-icon\">\r\n\t\t\t\t\t<div class=\"cspt-service-icon-wrapper\">\r\n\t\t\t\t\t\t<i class=\"fa fa-motorcycle\"><\/i>\t\t\t\t\t<\/div>\r\n\t\t\t\t<\/div>\r\n\t\t\t\t<h3 class=\"cspt-service-title\"><a href=\"http:\/\/www.taylanazaksurucukursu.com.tr\/index.php\/service\/a1-sinifi-ehliyet\/\">A1 S\u0131n\u0131f\u0131 Ehliyet<\/a><\/h3> \r\n\t\t\t\t\t\t\t\t<div class=\"cspt-service-content\"><p>Genellikle motosiklet kullan\u0131m\u0131na ba\u015flang\u0131\u00e7 yapmak isteyenler i\u00e7in ideal bir s\u0131n\u0131ft\u0131r.<\/p>\n<\/div>\r\n\t\t\t\t\t\t\t\t<div class=\"cspt-service-btn\">\r\n\t\t\t\t\t<div class=\"vc_btn3-container vc_btn3-inline\">\r\n\t\t\t\t\t\t<a class=\"vc_general vc_btn3 vc_btn3-size-md vc_btn3-shape-rounded vc_btn3-style-modern vc_btn3-icon-right vc_btn3-color-globalcolor\" href=\"http:\/\/www.taylanazaksurucukursu.com.tr\/index.php\/service\/a1-sinifi-ehliyet\/\">More<\/a>\r\n\t\t\t\t\t<\/div>\r\n\t\t\t\t<\/div>\r\n\t\t\t<\/div>\r\n\t\t<\/div>\r\n\t<\/div>\r\n<\/article><\/div><div class=\"cspt-ele cspt-service-ele col-md-4 ehliyetler cspt-term-29\"><article class=\"creativesplanet-ele creativesplanet-ele-service cspt-service-style-2\">\r\n\t<div class=\"creativesplanet-post-item\">\t\t\t  \r\n\t\t<div class=\"cspt-featured-wrapper\"><a href=\"http:\/\/www.taylanazaksurucukursu.com.tr\/index.php\/service\/a2-sinifi-ehliyet\/\"><img loading=\"lazy\" decoding=\"async\" width=\"770\" height=\"350\" src=\"http:\/\/www.taylanazaksurucukursu.com.tr\/wp-content\/uploads\/2018\/12\/IMG-20250708-WA0007-770x350.jpg\" class=\"attachment-cspt-img-770x350 size-cspt-img-770x350 wp-post-image\" alt=\"\" data-id=\"11548\" \/><\/a><\/div>\t\r\n\t\t<div class=\"creativesplanet-box-content\">\t\t\t\t\t\t\r\n\t\t\t<div class=\"creativesplanet-box-content-inner\">\r\n\t\t\t\t<div class=\"cspt-service-icon\">\r\n\t\t\t\t\t<div class=\"cspt-service-icon-wrapper\">\r\n\t\t\t\t\t\t<i class=\"fa fa-motorcycle\"><\/i>\t\t\t\t\t<\/div>\r\n\t\t\t\t<\/div>\r\n\t\t\t\t<h3 class=\"cspt-service-title\"><a href=\"http:\/\/www.taylanazaksurucukursu.com.tr\/index.php\/service\/a2-sinifi-ehliyet\/\">A2 S\u0131n\u0131f\u0131 Ehliyet<\/a><\/h3> \r\n\t\t\t\t\t\t\t\t<div class=\"cspt-service-content\"><p>A2 s\u0131n\u0131f\u0131 s\u00fcr\u00fcc\u00fc belgesi, orta seviyedeki motosikletleri kullanmak isteyen s\u00fcr\u00fcc\u00fclere verilen ehliyet t\u00fcr\u00fcd\u00fcr.<\/p>\n<\/div>\r\n\t\t\t\t\t\t\t\t<div class=\"cspt-service-btn\">\r\n\t\t\t\t\t<div class=\"vc_btn3-container vc_btn3-inline\">\r\n\t\t\t\t\t\t<a class=\"vc_general vc_btn3 vc_btn3-size-md vc_btn3-shape-rounded vc_btn3-style-modern vc_btn3-icon-right vc_btn3-color-globalcolor\" href=\"http:\/\/www.taylanazaksurucukursu.com.tr\/index.php\/service\/a2-sinifi-ehliyet\/\">More<\/a>\r\n\t\t\t\t\t<\/div>\r\n\t\t\t\t<\/div>\r\n\t\t\t<\/div>\r\n\t\t<\/div>\r\n\t<\/div>\r\n<\/article><\/div><div class=\"cspt-ele cspt-service-ele col-md-4 ehliyetler cspt-term-29\"><article class=\"creativesplanet-ele creativesplanet-ele-service cspt-service-style-2\">\r\n\t<div class=\"creativesplanet-post-item\">\t\t\t  \r\n\t\t<div class=\"cspt-featured-wrapper\"><a href=\"http:\/\/www.taylanazaksurucukursu.com.tr\/index.php\/service\/b-sinifi-ehliyet\/\"><img loading=\"lazy\" decoding=\"async\" width=\"770\" height=\"350\" src=\"http:\/\/www.taylanazaksurucukursu.com.tr\/wp-content\/uploads\/2018\/10\/IMG-20250708-WA0015-770x350.jpg\" class=\"attachment-cspt-img-770x350 size-cspt-img-770x350 wp-post-image\" alt=\"\" data-id=\"11570\" \/><\/a><\/div>\t\r\n\t\t<div class=\"creativesplanet-box-content\">\t\t\t\t\t\t\r\n\t\t\t<div class=\"creativesplanet-box-content-inner\">\r\n\t\t\t\t<div class=\"cspt-service-icon\">\r\n\t\t\t\t\t<div class=\"cspt-service-icon-wrapper\">\r\n\t\t\t\t\t\t<i class=\"fa fa-car\"><\/i>\t\t\t\t\t<\/div>\r\n\t\t\t\t<\/div>\r\n\t\t\t\t<h3 class=\"cspt-service-title\"><a href=\"http:\/\/www.taylanazaksurucukursu.com.tr\/index.php\/service\/b-sinifi-ehliyet\/\">B S\u0131n\u0131f\u0131 Ehliyet<\/a><\/h3> \r\n\t\t\t\t\t\t\t\t<div class=\"cspt-service-content\"><p>B s\u0131n\u0131f\u0131 ehliyet, T\u00fcrkiye&#8217;de en yayg\u0131n olarak al\u0131nan s\u00fcr\u00fcc\u00fc belgesidir.<\/p>\n<\/div>\r\n\t\t\t\t\t\t\t\t<div class=\"cspt-service-btn\">\r\n\t\t\t\t\t<div class=\"vc_btn3-container vc_btn3-inline\">\r\n\t\t\t\t\t\t<a class=\"vc_general vc_btn3 vc_btn3-size-md vc_btn3-shape-rounded vc_btn3-style-modern vc_btn3-icon-right vc_btn3-color-globalcolor\" href=\"http:\/\/www.taylanazaksurucukursu.com.tr\/index.php\/service\/b-sinifi-ehliyet\/\">More<\/a>\r\n\t\t\t\t\t<\/div>\r\n\t\t\t\t<\/div>\r\n\t\t\t<\/div>\r\n\t\t<\/div>\r\n\t<\/div>\r\n<\/article><\/div><div class=\"cspt-ele cspt-service-ele col-md-4 ehliyetler cspt-term-29\"><article class=\"creativesplanet-ele creativesplanet-ele-service cspt-service-style-2\">\r\n\t<div class=\"creativesplanet-post-item\">\t\t\t  \r\n\t\t<div class=\"cspt-featured-wrapper\"><a href=\"http:\/\/www.taylanazaksurucukursu.com.tr\/index.php\/service\/d-sinifi-ehliyet\/\"><img loading=\"lazy\" decoding=\"async\" width=\"770\" height=\"350\" src=\"http:\/\/www.taylanazaksurucukursu.com.tr\/wp-content\/uploads\/2018\/10\/IMG-20250708-WA0012-770x350.jpg\" class=\"attachment-cspt-img-770x350 size-cspt-img-770x350 wp-post-image\" alt=\"\" data-id=\"11580\" \/><\/a><\/div>\t\r\n\t\t<div class=\"creativesplanet-box-content\">\t\t\t\t\t\t\r\n\t\t\t<div class=\"creativesplanet-box-content-inner\">\r\n\t\t\t\t<div class=\"cspt-service-icon\">\r\n\t\t\t\t\t<div class=\"cspt-service-icon-wrapper\">\r\n\t\t\t\t\t\t<i class=\"fa fa-bus\"><\/i>\t\t\t\t\t<\/div>\r\n\t\t\t\t<\/div>\r\n\t\t\t\t<h3 class=\"cspt-service-title\"><a href=\"http:\/\/www.taylanazaksurucukursu.com.tr\/index.php\/service\/d-sinifi-ehliyet\/\">D S\u0131n\u0131f\u0131 Ehliyet<\/a><\/h3> \r\n\t\t\t\t\t\t\t\t<div class=\"cspt-service-content\"><p>Genellikle otob\u00fcs \u015fof\u00f6rlerinin almas\u0131 gereken ehliyet t\u00fcr\u00fcd\u00fcr.<\/p>\n<\/div>\r\n\t\t\t\t\t\t\t\t<div class=\"cspt-service-btn\">\r\n\t\t\t\t\t<div class=\"vc_btn3-container vc_btn3-inline\">\r\n\t\t\t\t\t\t<a class=\"vc_general vc_btn3 vc_btn3-size-md vc_btn3-shape-rounded vc_btn3-style-modern vc_btn3-icon-right vc_btn3-color-globalcolor\" href=\"http:\/\/www.taylanazaksurucukursu.com.tr\/index.php\/service\/d-sinifi-ehliyet\/\">More<\/a>\r\n\t\t\t\t\t<\/div>\r\n\t\t\t\t<\/div>\r\n\t\t\t<\/div>\r\n\t\t<\/div>\r\n\t<\/div>\r\n<\/article><\/div><\/div><\/div><!-- .creativesplanet-element-inner -->   <\/div><!-- .creativesplanet-element -->  [\/vc_column][\/vc_row]<\/p>\n<\/div>","protected":false},"excerpt":{"rendered":"<p>[vc_row cspt-bg-color=&#8221;light&#8221; full_width=&#8221;stretch_row&#8221;][vc_column][\/vc_column][\/vc_row]<\/p>\n","protected":false},"author":1,"featured_media":0,"parent":0,"menu_order":12,"comment_status":"closed","ping_status":"closed","template":"","meta":{"_acf_changed":false,"footnotes":""},"class_list":["post-8560","page","type-page","status-publish","hentry"],"acf":[],"_links":{"self":[{"href":"http:\/\/www.taylanazaksurucukursu.com.tr\/index.php\/wp-json\/wp\/v2\/pages\/8560","targetHints":{"allow":["GET"]}}],"collection":[{"href":"http:\/\/www.taylanazaksurucukursu.com.tr\/index.php\/wp-json\/wp\/v2\/pages"}],"about":[{"href":"http:\/\/www.taylanazaksurucukursu.com.tr\/index.php\/wp-json\/wp\/v2\/types\/page"}],"author":[{"embeddable":true,"href":"http:\/\/www.taylanazaksurucukursu.com.tr\/index.php\/wp-json\/wp\/v2\/users\/1"}],"replies":[{"embeddable":true,"href":"http:\/\/www.taylanazaksurucukursu.com.tr\/index.php\/wp-json\/wp\/v2\/comments?post=8560"}],"version-history":[{"count":0,"href":"http:\/\/www.taylanazaksurucukursu.com.tr\/index.php\/wp-json\/wp\/v2\/pages\/8560\/revisions"}],"wp:attachment":[{"href":"http:\/\/www.taylanazaksurucukursu.com.tr\/index.php\/wp-json\/wp\/v2\/media?parent=8560"}],"curies":[{"name":"wp","href":"https:\/\/api.w.org\/{rel}","templated":true}]}}